{"id":12,"date":"2023-09-06T06:19:51","date_gmt":"2023-09-06T06:19:51","guid":{"rendered":"https:\/\/pim-montage.de\/?page_id=12"},"modified":"2023-09-21T19:59:57","modified_gmt":"2023-09-21T19:59:57","slug":"unternehmen","status":"publish","type":"page","link":"https:\/\/pim-montage.de\/index.php\/unternehmen\/","title":{"rendered":"UNTERNEHMEN"},"content":{"rendered":"\t\t<div data-elementor-type=\"wp-page\" data-elementor-id=\"12\" class=\"elementor elementor-12\">\n\t\t\t\t<div class=\"elementor-element elementor-element-1442b9ec e-flex e-con-boxed e-con e-parent\" data-id=\"1442b9ec\" data-element_type=\"container\">\n\t\t\t\t\t<div class=\"e-con-inner\">\n\t\t\t\t<div class=\"elementor-element elementor-element-66b01bad elementor-widget elementor-widget-text-editor\" data-id=\"66b01bad\" data-element_type=\"widget\" data-widget_type=\"text-editor.default\">\n\t\t\t\t<div class=\"elementor-widget-container\">\n\t\t\t<style>\/*! elementor - v3.22.0 - 26-06-2024 *\/\n.elementor-widget-text-editor.elementor-drop-cap-view-stacked .elementor-drop-cap{background-color:#69727d;color:#fff}.elementor-widget-text-editor.elementor-drop-cap-view-framed .elementor-drop-cap{color:#69727d;border:3px solid;background-color:transparent}.elementor-widget-text-editor:not(.elementor-drop-cap-view-default) .elementor-drop-cap{margin-top:8px}.elementor-widget-text-editor:not(.elementor-drop-cap-view-default) .elementor-drop-cap-letter{width:1em;height:1em}.elementor-widget-text-editor .elementor-drop-cap{float:left;text-align:center;line-height:1;font-size:50px}.elementor-widget-text-editor .elementor-drop-cap-letter{display:inline-block}<\/style>\t\t\t\t<!-- wp:heading -->\n<h2 class=\"wp-block-heading\">GEPR\u00dcFT UND ZERTIFIZIERT<\/h2>\n<!-- \/wp:heading -->\n\n<!-- wp:paragraph -->\n<p>Die PIM GmbH ist besonders durch ihr Engagement bei ihren Kunden ein gesch\u00e4tzter Partner.<\/p>\n<!-- \/wp:paragraph -->\n\n<!-- wp:paragraph -->\n<p>Bereits nach kurzer Zeit gelang uns die erfolgreiche Etablierung auf dem Markt. Mittlerweile arbeiten wir mit zahlreichen Partnern zusammen.<\/p>\n<!-- \/wp:paragraph -->\n\n<!-- wp:paragraph -->\n<p>Von der Planung bis hin zur Fertigung in der eigenen Produktionshalle und der Montage vor Ort oder der reinen personellen Unterst\u00fctzung bei Ihren Projekten europaweit mit gew\u00fcnschtem Fachpersonal. Wir finden f\u00fcr Sie eine ma\u00dfgeschneiderte L\u00f6sung.<\/p>\n<!-- \/wp:paragraph -->\n\n<!-- wp:paragraph -->\n<p>Bei uns stehen Verl\u00e4sslichkeit, Qualit\u00e4t, Termintreue und das Eingehen auf individuelle Kundenw\u00fcnsche an erster Stelle. Daneben garantiert unser eingespieltes Team durch eine kompetente und effektive Vorgehensweise bestm\u00f6gliche Ergebnisse.<\/p>\n<!-- \/wp:paragraph -->\n\n<!-- wp:paragraph -->\n<p>Selbstverst\u00e4ndlich verf\u00fcgen alle unsere Mitarbeiter \u00fcber Kenntnisse im Bereich des Arbeitsschutzes und besitzen fachspezifische Zertifizierungen.<\/p>\n<!-- \/wp:paragraph -->\n\n<!-- wp:paragraph -->\n<p>Die perfekte Mischung aus dynamischem Handwerksbetrieb und zuverl\u00e4ssigem Dienstleister zeichnet unser Unternehmen aus und l\u00e4sst Sie dadurch profitieren!<\/p>\n<!-- \/wp:paragraph -->\n\n<!-- wp:paragraph -->\n<p><strong>EN ISO 9001<\/strong>&nbsp;<\/p>\n<!-- \/wp:paragraph -->\n\n<!-- wp:paragraph -->\n<p>legt die Mindestanforderungen an ein Qualit\u00e4tsmanagementsystem fest, denen eine Organisation zu gen\u00fcgen hat, um Produkte und Dienstleistungen bereitstellen zu k\u00f6nnen, welche die Kundenerwartungen sowie alle beh\u00f6rdlichen Anforderungen erf\u00fcllen.<\/p>\n<!-- \/wp:paragraph -->\n\n<!-- wp:paragraph -->\n<p>-Zertifikat Download-<\/p>\n<!-- \/wp:paragraph -->\n\n<!-- wp:paragraph -->\n<p><strong>Das Sicherheits Certifikat Contraktoren, (SCC)<\/strong>&nbsp;<\/p>\n<!-- \/wp:paragraph -->\n\n<!-- wp:paragraph -->\n<p>ist ein Regelwerk f\u00fcr ein zertifizierbares Managementsystem. Es ist ein kombiniertes Arbeits- und Umweltschutzmanagementsystem und vereinigt (Arbeits-) Sicherheit, Gesundheits- und Umweltschutz.&nbsp;<\/p>\n<!-- \/wp:paragraph -->\n\n<!-- wp:paragraph -->\n<p>-Zertifikat Download-<\/p>\n<!-- \/wp:paragraph -->\n\n<!-- wp:paragraph -->\n<p><strong>WHG<\/strong><\/p>\n<!-- \/wp:paragraph -->\n\n<!-- wp:paragraph -->\n<p>Tekst<\/p>\n<!-- \/wp:paragraph -->\n\n<!-- wp:paragraph -->\n<p>-Zertifikat Download-<\/p>\n<!-- \/wp:paragraph -->\n\n<!-- wp:paragraph -->\n<p><strong>&nbsp;Druckger\u00e4tepr\u00fcfung Modul A2<\/strong><\/p>\n<!-- \/wp:paragraph -->\n\n<!-- wp:paragraph -->\n<p>Tekst<\/p>\n<!-- \/wp:paragraph -->\n\n<!-- wp:paragraph -->\n<p>-Zertifikat Download-<\/p>\n<!-- \/wp:paragraph -->\n\n<!-- wp:paragraph -->\n<p><strong>AD 2000 \u2013 HP0<\/strong><\/p>\n<!-- \/wp:paragraph -->\n\n<!-- wp:paragraph -->\n<p>Tekst<\/p>\n<!-- \/wp:paragraph -->\n\n<!-- wp:paragraph -->\n<p>-Zertifikat Download-<\/p>\n<!-- \/wp:paragraph -->\n\n<!-- wp:paragraph -->\n<p><strong>Umstempelungsvereinbarung<\/strong><\/p>\n<!-- \/wp:paragraph -->\n\n<!-- wp:paragraph -->\n<p>Tekst<\/p>\n<!-- \/wp:paragraph -->\n\n<!-- wp:paragraph -->\n<p>-Zertifikat Download-<\/p>\n<!-- \/wp:paragraph -->\n\n<!-- wp:paragraph -->\n<p><strong>Schwei\u00dfverfahrenspr\u00fcfungen<\/strong><\/p>\n<!-- \/wp:paragraph -->\n\n<!-- wp:paragraph -->\n<p>Tekst<\/p>\n<!-- \/wp:paragraph -->\n\n<!-- wp:paragraph -->\n<p>-Zertifikat Download-<\/p>\n<!-- \/wp:paragraph -->\t\t\t\t\t\t<\/div>\n\t\t\t\t<\/div>\n\t\t\t\t\t<\/div>\n\t\t\t\t<\/div>\n\t\t\t\t<\/div>\n\t\t","protected":false},"excerpt":{"rendered":"<p>GEPR\u00dcFT UND ZERTIFIZIERT Die PIM GmbH ist besonders durch ihr Engagement bei ihren Kunden ein gesch\u00e4tzter Partner. Bereits nach kurzer Zeit gelang uns die erfolgreiche Etablierung auf dem Markt. Mittlerweile arbeiten wir mit zahlreichen Partnern zusammen. Von der Planung bis hin zur Fertigung in der eigenen Produktionshalle und der Montage vor Ort oder der reinen [&hellip;]<\/p>\n","protected":false},"author":1,"featured_media":126,"parent":0,"menu_order":2,"comment_status":"closed","ping_status":"closed","template":"","meta":{"footnotes":""},"class_list":["post-12","page","type-page","status-publish","has-post-thumbnail","hentry"],"_links":{"self":[{"href":"https:\/\/pim-montage.de\/index.php\/wp-json\/wp\/v2\/pages\/12","targetHints":{"allow":["GET"]}}],"collection":[{"href":"https:\/\/pim-montage.de\/index.php\/wp-json\/wp\/v2\/pages"}],"about":[{"href":"https:\/\/pim-montage.de\/index.php\/wp-json\/wp\/v2\/types\/page"}],"author":[{"embeddable":true,"href":"https:\/\/pim-montage.de\/index.php\/wp-json\/wp\/v2\/users\/1"}],"replies":[{"embeddable":true,"href":"https:\/\/pim-montage.de\/index.php\/wp-json\/wp\/v2\/comments?post=12"}],"version-history":[{"count":4,"href":"https:\/\/pim-montage.de\/index.php\/wp-json\/wp\/v2\/pages\/12\/revisions"}],"predecessor-version":[{"id":673,"href":"https:\/\/pim-montage.de\/index.php\/wp-json\/wp\/v2\/pages\/12\/revisions\/673"}],"wp:featuredmedia":[{"embeddable":true,"href":"https:\/\/pim-montage.de\/index.php\/wp-json\/wp\/v2\/media\/126"}],"wp:attachment":[{"href":"https:\/\/pim-montage.de\/index.php\/wp-json\/wp\/v2\/media?parent=12"}],"curies":[{"name":"wp","href":"https:\/\/api.w.org\/{rel}","templated":true}]}}